146)). Suppose -2*t = 4*v - 308, 4*v - z + 78 = -t. Suppose -s - 95 = -6*s. What is the remainder when v is divided by s?
18
Let c(q) = 5*q**2 - 3*q + 2. Let v be c(1). Suppose -4*p + 150 = -p. Calculate the remainder when p is divided by 2/v*(-9)/((-45)/130).
11
Let n = -560 + 755. What is the remainder when n is divided by 67?
61
Let t = -200 + 263. What is the remainder when 188 is divided by t?
62
Let a(m) = -3*m + 175. What is the remainder when a(14) is divided by 39?
16
Let f be (8 - -15) + 2/2. Let l = f - -54. What is the remainder when l is divided by 40?
38
Let l be (-1)/(((-15)/(-25))/(-3)). Suppose -l*j + 55 = -0*j. What is the remainder when 40 is divided by j?
7
Let x = 33 + -46. Suppose 5*f = -4*l + 135, -l + 10 = l. Let n = x + f. Calculate the remainder when 19 is divided by n.
9
Suppose 5*f = g + 1797, -4 = 14*g - 12*g. Calculate the remainder when f is divided by 73.
67
Let w be (-6)/2 + 135/27. Suppose 0 = 3*m + 6, 2*g - w*m = -0*m + 54. Calculate the remainder when 121 is divided by g.
21
Let k(n) = 2*n**2 - 20*n - 3. Let s(i) be the second derivative of i**4/4 - i**3/3 - 11*i**2/2 - 2*i. Calculate the remainder when s(5) is divided by k(11).
16
Let v be (10/(-20))/((-1)/10). Suppose -5*a + 10*a - 3*u - 395 = 0, 2*u - 395 = -v*a. What is the remainder when a is divided by 20?
19
Let c(f) = 2*f + 14. Let q be c(-5). Let m(j) = -j**3 + 7*j**2 - 5*j + 6. Calculate the remainder when m(q) is divided by 12.
10
Let k(p) = -p**3 + 33*p**2 - 27*p - 103. Calculate the remainder when 162 is divided by k(32).
48
Let h be (57/(-6))/(1/2). Let c(u) = 8*u**2 - 9*u - 16. Let t be c(-2). Let b = h + t. Calculate the remainder when b is divided by 8.
7
Let f = 21 + -7. Let k = 16 - f. Let a(b) = b**2 + 3*b - 3. What is the remainder when 27 is divided by a(k)?
6
Suppose -5*i + 113 = -107. What is the remainder when i is divided by 54/63 + (-92)/(-7)?
2
Suppose d + 4*l = 0, -5*d - 3*l = -2*d. Suppose d = -5*j + 34 + 11. Let o(h) = h**3 + 6*h**2 - h - 2. What is the remainder when o(-4) is divided by j?
7
Let c be (-6)/(1*(-8)/28). Let t = -6 + c. Suppose -2*h + 24 = 3*h - j, 2*h = -5*j + t. What is the remainder when h is divided by 5?
0
Let g = 1112 - 1108. Let s = -2 + 5. Suppose -4*m - 21 = -s*y, -y - 3*m = 3*y - 28. Calculate the remainder when y is divided by g.
3
Suppose -6*y + 3*y = -5*f - 17, -3 = 3*f. Suppose -15 = -3*d, -27 = -2*o - y*d - d. Calculate the remainder when 2 is divided by o.
0
Suppose -j + 108 = 2*t + 2*j, 2*j - 292 = -5*t. Suppose -4*p = -6*p + t. What is the remainder when p is divided by 16?
14
Let l be (-2*1)/(1/(-1)). Suppose -l*c = -4*c + 24. Calculate the remainder when 19 is divided by c.
7
Let n = 518 + -267. Calculate the remainder when n is divided by 18.
17
Let u = 100 - 70. Suppose 0 = -3*z - 12 + u. Suppose -1 = l - z. What is the remainder when 18 is divided by l?
3
Let h(z) = z**3 - 7*z**2 - 2*z - 9. Let x be h(6). Let p = x - -87. What is the remainder when p is divided by 8?
6
Suppose 3*c + 5*a + 133 + 53 = 0, 12 = -4*a. Calculate the remainder when (-1)/(-2 + (-111)/c) is divided by 10.
9
Suppose -2*g + 62 = 4. Suppose 32*w = g*w + 21. Calculate the remainder when 18 is divided by w.
4
Let c be (2/(-3))/(32/48). Suppose -4*w + z = -5, -z - 4*z + 15 = 0. What is the remainder when 7 + c/(-4 + 5) is divided by w?
0
Suppose -116 = -3*c - 4*h + 77, -3*c = 2*h - 185. Suppose 5*i = 22 - 7. What is the remainder when c is divided by (4 + -5)*-4*i?
11
Let r be (-3)/(-2)*(-2)/3. Calculate the remainder when 1*2 + (-252)/(-4) is divided by (r + (2 - 0))*17.
14
Let v(o) = o**3 - 8*o**2 + o + 5. Let f be -208 - ((2 - 2) + 2). Let t be f/(-25) - 6/15. What is the remainder when 37 is divided by v(t)?
11
Let a(u) = -u**3 + 2*u**2 + 5*u - 7. Let c be a(3). Let n be 15/(-10)*c*2. Let p(g) = 5*g**2 - 3*g + 7. What is the remainder when p(n) is divided by 11?
10
Let n(s) = -2*s**2 - 7*s + 5. Let w(p) = 5*p**2 + 20*p - 14. Let q(o) = -8*n(o) - 3*w(o). What is the remainder when 44 is divided by q(7)?
21
Let z = -96 + 98. What is the remainder when ((-155)/z)/(2*(-2)/8) is divided by 26?
25
Let r = -16 + -198. Let k = -153 - r. What is the remainder when k is divided by 21?
19
Suppose 415 = 39*f + 25. Let j(c) = -11*c + 5. What is the remainder when j(-4) is divided by f?
9
What is the remainder when 9 is divided by (-2)/(32/(-280) + 6/(-21))?
4
Let v = 105 + -21. Let y(j) = -3*j - 19. Let c be y(-8). Let o(u) = 2*u**2 - 2*u - 11. What is the remainder when v is divided by o(c)?
26
Suppose -17*a + 472 = -9*a. Calculate the remainder when a is divided by 17.
8
Let a = -5 + 3. Let n = a - -8. Suppose -r = -n*r - 3*f + 63, r = -f + 11. Calculate the remainder when 59 is divided by r.
14
Let j = 19 + -8. Let w = 82 + -40. Calculate the remainder when w is divided by j.
9
Let m(k) = -k**2 + 16*k - 33. Calculate the remainder when 41 is divided by m(3).
5
Let s(d) = d**3 + 10*d**2 + 2. Let x be s(-10). Let y(i) = 5*i**x + 1 - 6 + 7. What is the remainder when y(-3) is divided by 12?
11
Let d(f) = -f - 6. Let y be d(-12). Suppose -5*q - p + 100 = -10, -q + y = -3*p. What is the remainder when (0 - (-82)/8)*4 is divided by q?
20
Let q(h) = h**3 + 15*h**2 - 27*h + 183. Calculate the remainder when q(-17) is divided by 27.
10
Let o = 610 - 535. Calculate the remainder when o is divided by 11.
9
Let f be ((6 - 1) + 1)*(9 - 2). Let i be 267*1/9*3. Let s = i - f. What is the remainder when s is divided by 10?
7
Let v = 114 + 9. What is the remainder when v is divided by 21?
18
Suppose -2*k = -k. Suppose b = -k*b + 6. Let u(g) = g**3 - 12*g**2 - 41*g - 43. What is the remainder when u(15) is divided by b?
5
Let t = 256 + -169. Suppose -3*j - 92 = -7*j. What is the remainder when t is divided by j?
18
Suppose -3*r = 3*k - 201, 2*k = r + 5*k - 63. Calculate the remainder when r is divided by 24.
21
Let x = 65 - 25. Calculate the remainder when x is divided by ((-4)/(-6))/(26/585).
10
Let j(b) = -8*b - 23. Let w be j(-6). Suppose -3*g - w = -2*k, -3*g - 2*g = -5. What is the remainder when 23 is divided by k?
9
Let u(p) = -p**3 - 3*p**2 + 5*p - 2. Let n = -86 + 153. Let j = 133 - n. What is the remainder when j is divided by u(-5)?
20
Let o(l) = -2*l + 1 + 2 + 17 - 3. What is the remainder when o(-6) is divided by 8?
5
Let y(r) = -6*r**2 - 15*r**2 - r**3 + 2*r**2 - 9*r**2 - 29*r - 30. What is the remainder when 38 is divided by y(-27)?
14
Suppose -5 = 3*m - 11. Let h be (m/4)/((-8)/(-176)). Suppose 3*w - 37 - h = 0. What is the remainder when 62 is divided by w?
14
Let d(n) = n**3 - 23*n**2 + n - 16. Let p(v) = v**2 + v + 7. Let b be ((-10)/8)/((-2)/(-8)). Calculate the remainder when p(b) is divided by d(23).
6
Let z = -115 - -193. Suppose -3*b + 50 = -4*s + 6*s, 2*s - 4*b = z. Calculate the remainder when s is divided by ((-11)/2)/((-2)/4).
9
Let i = -357 + 803. Calculate the remainder when i is divided by 113.
107
Let u = 21 + -12. Let z(w) = -w + 9. Let t be z(u). Suppose 4*q + q - 75 = t. What is the remainder when 43 is divided by q?
13
Let n = 8 - 6. Let r = 17 - n. Suppose 4*d = 46 + 122. Calculate the remainder when d is divided by r.
12
Let d(a) = 36*a - 157. Calculate the remainder when 167 is divided by d(6).
49
What is the remainder when 112 is divided by (-213)/(-7) - (9 - 900/105)?
22
Let x(k) = -3*k + 23. Let n be x(8). Calculate the remainder when 28 is divided by 4 + (2 - (-3 + 6))*n.
3
Let g be ((-6)/12)/(1/(-10)). Suppose -4*f + 4*q + 76 = 0, -3*f - g*q = -14 - 19. What is the remainder when 28 is divided by f?
12
Let r(g) = g**3 - 8*g**2 + 6*g - 2. Calculate the remainder when 102 is divided by r(8).
10
Let v(z) = -z**3 + 14*z**2 - 22*z - 17. Let i = 29 + -17. What is the remainder when 22 is divided by v(i)?
1
Suppose 11*n + 0*a = -3*a + 143, 2*n - 26 = -3*a. What is the remainder when 89 is divided by n?
11
Let a(h) = -98*h. Let o(n) = -11*n. Let t(f) = -3*a(f) + 28*o(f). Suppose 0 = -18*v + 13*v + 405. What is the remainder when v is divided by t(-2)?
25
Let s(l) = -2*l - 10. Let k be s(-6). Suppose k*b = -w + 5*w - 50, 0 = -2*b + 2. What is the remainder when w is divided by 9/3 + -2 + 3?
1
Suppose -i - 4*h - 627 = 0, -2*h = i + 4*i + 3117. Let o be i/(-6) + 7/42. Suppose 0 = -4*v + 12*v - o. What is the